2?
True
Is 105053 a multiple of 55?
False
Does 12 divide 9204063?
False
Is 82728 a multiple of 9?
True
Does 17 divide 24938?
False
Is 70886 a multiple of 29?
False
Does 41 divide 89557?
False
Does 14 divide 148722?
True
Is 162668 a multiple of 49?
False
Does 22 divide 2809751?
False
Is 17700 a multiple of 3?
True
Does 417 divide 248311?
False
Is 20 a factor of 244938?
False
Does 4 divide 555?
False
Is 2600173 a multiple of 23?
True
Does 25 divide 2510825?
True
Does 29 divide 1629220?
True
Does 377 divide 1270867?
True
Is 26 a factor of 156351?
False
Is 3213479 a multiple of 75?
False
Is 619654 a multiple of 14?
True
Is 87624 a multiple of 257?
False
Is 9 a factor of 12406199?
False
Is 2490 a multiple of 3?
True
Is 181468 a multiple of 7?
True
Is 444540 a multiple of 60?
True
Is 897914 a multiple of 104?
False
Is 21868 a multiple of 77?
True
Does 115 divide 429410?
True
Does 485 divide 479169?
False
Does 907 divide 7545333?
True
Is 191 a factor of 265558?
False
Does 4 divide 2804412?
True
Does 29 divide 535804?
True
Is 218 a factor of 15060748?
True
Is 10436199 a multiple of 32?
False
Is 1900294 a multiple of 374?
True
Is 8 a factor of 612272?
True
Is 51 a factor of 10112197?
False
Does 6 divide 275976?
True
Does 100 divide 112400?
True
Is 15 a factor of 16485?
True
Is 362 a factor of 1244085?
False
Is 700 a factor of 3705800?
True
Is 163 a factor of 2384690?
True
Is 1645664 a multiple of 32?
True
Is 23 a factor of 88435?
True
Is 720 a factor of 2278080?
True
Is 3428398 a multiple of 1521?
False
Is 8114799 a multiple of 13?
False
Is 5 a factor of 2030?
True
Does 8 divide 9859?
False
Is 319158 a multiple of 306?
True
Is 661365 a multiple of 207?
True
Is 134814 a multiple of 9?
False
Is 76 a factor of 2186216?
True
Is 251 a factor of 1517797?
True
Is 3540655 a multiple of 14?
False
Is 50 a factor of 384750?
True
Is 50 a factor of 1290550?
True
Does 57 divide 25871787?
True
Does 14 divide 4926096?
True
Does 39 divide 168987?
True
Is 14 a factor of 3121328?
True
Does 29 divide 5378275?
False
Is 166 a factor of 1927279?
False
Is 8216905 a multiple of 11?
False
Does 9 divide 6093?
True
Does 5 divide 4945530?
True
Is 36 a factor of 8794?
False
Is 4341760 a multiple of 576?
False
Is 84 a factor of 11602752?
True
Is 8115 a multiple of 22?
False
Is 29118240 a multiple of 1095?
True
Does 8 divide 8365980?
False
Is 287696 a multiple of 360?
False
Is 432554 a multiple of 571?
False
Is 128832 a multiple of 33?
True
Is 676 a factor of 329888?
True
Is 11 a factor of 4974706?
True
Is 1086436 a multiple of 230?
False
Is 6674400 a multiple of 120?
True
Is 73159 a multiple of 80?
False
Is 5867840 a multiple of 1616?
False
Does 10 divide 9980?
True
Is 702 a factor of 5944536?
True
Does 3 divide 32059?
False
Does 43 divide 332949?
True
Does 3 divide 91641?
True
Does 889 divide 5069967?
True
Is 10647014 a multiple of 1710?
False
Is 113769 a multiple of 2?
False
Is 12672 a multiple of 288?
True
Does 12 divide 2766792?
True
Is 5579630 a multiple of 118?
True
Is 573768 a multiple of 468?
True
Is 48363 a multiple of 21?
True
Is 137852 a multiple of 26?
True
Does 2 divide 4197704?
True
Does 3 divide 26364?
True
Is 88 a factor of 51656?
True
Is 11 a factor of 20031?
True
Is 200859 a multiple of 243?
False
Is 79521 a multiple of 17?
False
Is 7 a factor of 441006?
False
Does 38 divide 53100?
False
Is 212 a factor of 156456?
True
Does 16 divide 86800?
True
Is 65 a factor of 112110?
False
Is 3069043 a multiple of 179?
False
Is 67 a factor of 25069?
False
Is 1050396 a multiple of 12?
True
Is 686820 a multiple of 9?
False
Is 867192 a multiple of 165?
False
Is 393 a factor of 106896?
True
Is 4304520 a multiple of 45?
True
Does 74 divide 21540?
False
Does 20 divide 117296?
False
Is 49 a factor of 82712?
True
Is 129 a factor of 3793030?
False
Does 14 divide 139281?
False
Is 29 a factor of 278372?
False
Does 88 divide 1019480?
True
Does 86 divide 601162?
False
Is 89 a factor of 227039?
True
Is 57525 a multiple of 45?
False
Does 4 divide 100944?
True
Is 1215 a factor of 437465?
False
Is 360 a factor of 380369?
False
Does 437 divide 7379619?
True
Does 4 divide 395252?
True
Is 16572 a multiple of 2?
True
Is 1113 a factor of 2257164?
True
Does 219 divide 173991?
False
Is 9384 a multiple of 136?
True
Is 4339335 a multiple of 11?
True
Does 871 divide 1915329?
True
Is 64 a factor of 2243451?
False
Does 141 divide 7353432?
True
Does 79 divide 607036?
True
Is 35 a factor of 358665?
False
Does 1317 divide 12150642?
True
Does 96 divide 272448?
True
Does 15 divide 19170?
True
Is 144 a factor of 313206?
False
Is 12 a factor of 37095?
False
Is 862 a factor of 398063?
False
Does 163 divide 2013702?
True
Does 17 divide 309419?
False
Does 26 divide 17556757?
False
Is 596 a factor of 383228?
True
Is 206 a factor of 1425458?
False
Does 531 divide 17419905?
False
Is 165 a factor of 8934712?
False
Is 25 a factor of 204862?
False
Does 6 divide 1086328?
False
Does 189 divide 5840979?
False
Is 510600 a multiple of 17?
False
Does 13 divide 2528734?
True
Does 21 divide 433748?
False
Does 15 divide 237424?
False
Is 17 a factor of 310890?
False
Is 553007 a multiple of 103?
True
Does 11 divide 8864?
False
Is 666183 a multiple of 126?
False
Is 75 a factor of 1167150?
True
Does 226 divide 29380?
True
Is 77448 a multiple of 84?
True
Is 61 a factor of 722075?
False
Is 70 a factor of 24889410?
True
Is 5393927 a multiple of 141?
False
Does 14 divide 954982?
True
Is 10970198 a multiple of 136?
False
Is 11247057 a multiple of 83?
False
Is 17 a factor of 287181?
True
Does 17 divide 463374?
False
Is 3297012 a multiple of 161?
False
Is 23927 a multiple of 8?
False
Does 285 divide 10322130?
True
Is 1007 a factor of 5866011?
False
Is 1726075 a multiple of 108?
False
Does 74 divide 231090?
False
Does 37 divide 47323?
True
Is 5322066 a multiple of 45?
False
Is 40776 a multiple of 77?
False
Is 34 a factor of 116518?
True
Is 223985 a multiple of 170?
False
Is 1488370 a multiple of 130?
True
Is 598 a factor of 1515930?
True
Is 42790 a multiple of 55?
True
Does 29 divide 4339705?
True
Does 58 divide 154759?
False
Is 152 a factor of 149416?
True
Is 34425 a multiple of 11?
False
Is 78 a factor of 581695?
False
Does 10 divide 16193790?
True
Does 29 divide 901979?
False
Is 4710983 a multiple of 119?
False
Is 1996815 a multiple of 3?
True
Is 292115 a multiple of 209?
False
Is 162866 a multiple of 11?
True
Is 3460350 a multiple of 690?
True
Is 26 a factor of 98592?
True
Is 13 a factor of 2100436?
True
Is 14 a factor of 15456?
True
Is 273025 a multiple of 335?
True
Is 82 a factor of 642060?
True
Does 21 divide 1770384?
True
Does 252 divide 59329?
False
Is 1231875 a multiple of 5?
True
Does 20 divide 785519?
False
Does 190 divide 144964?
False
Does 12 divide 9108?
True
Does 13 divide 263319?
False
Does 954 divide 491310?
True
Is 8 a factor of 321904?
True
Does 138 divide 65826?
True
Is 204 a factor of 139805?
False
Is 6954064 a multiple of 104?
True
Does 37 divide 2056345?
False
Is 121 a factor of 157300?
True
Is 356389 a multiple of 181?
True
Does 643 divide 2011947?
True
Is 8 a factor of 29792?
True
Does 1338 divide 8383908?
True
Is 170 a factor of 1893787?
False
Does 103 divide 160700?
False
Is 12773082 a multiple of 1699?
True
Does 70 divide 8317820?
True
Is 153937 a multiple of 232?
False
Is 17 a factor of 368079?
False
Is 437464 a multiple of 130?
False
Is 130805 a multiple of 121?
False
Is 26690 a multiple of 54?
False
Is 821115 a multiple of 40?
False
Does 14 divide 278273?
False
Is 596838 a multiple of 127?
False
Is 23 a factor of 3289575?
True
Is 423522 a multiple of 22?
True
Is 11421326 a multiple of 27?
False
Is 41654655 a multiple of 1634?
False
Is 23646510 a multiple of 45?
True
Is 57 a factor of 3952722?
True
Does 109 divide 5479103?
True
Is 1157030 a multiple of 1186?
False
Is 71 a factor of 197877?
True
Is 61820 a multiple of 220?
True
Does 35 divide 550927?
False
Is 26 a factor of 161705?
False
Is 227522 a multiple of 125?
False
Is 98 a factor of 20384?
True
Does 171 divide 354825?
True
Does 6 divide 425747?
False
Does 14 divide 679602?
True
Is 19721332 a multiple of 35?
False
Is 88704 a multiple of 72?
True
Does 151 divide 234929?
False
Is 433253 a multiple of 146?
False
Does 21 divide 350542?
False
Is 112737 a mu